{"id":16649,"date":"2013-04-04T13:25:09","date_gmt":"2013-04-04T12:25:09","guid":{"rendered":"https:\/\/hair-and-beauty-studio.ch\/partner\/"},"modified":"2022-04-12T09:57:55","modified_gmt":"2022-04-12T08:57:55","slug":"partner","status":"publish","type":"page","link":"https:\/\/hair-and-beauty-studio.ch\/fr\/a-propos-de-nous\/partner\/","title":{"rendered":"Partner"},"content":{"rendered":"<p><a href=\"http:\/\/www.funke-foto.ch\"><img decoding=\"async\" class=\"alignnone size-full wp-image-20310\" title=\"Fotograf Christian Funke Photography\" src=\"https:\/\/hair-and-beauty-studio.ch\/wp-content\/uploads\/2013\/04\/Christian-Funke-Logo-schwarz.jpg\" alt=\"Fotograf Christian Funke Photography\" width=\"118\" height=\"123\" \/><\/a><\/p>\n<p>&nbsp;<\/p>\n<p><a href=\"http:\/\/www.zweischoen.ch\/\"><img decoding=\"async\" class=\" wp-image-16650 alignnone\" title=\"zweisch\u00f6n - Sch\u00f6nheit &amp; Pflege f\u00fcr K\u00f6rper &amp; Gesicht und Mann &amp; Frau. Das Kosmetikstudio im Berner Oberland.\" src=\"https:\/\/hair-and-beauty-studio.ch\/wp-content\/uploads\/2013\/04\/zweischoen-gross-300x147.jpg\" alt=\"zweisch\u00f6n - Sch\u00f6nheit &amp; Pflege f\u00fcr K\u00f6rper &amp; Gesicht und Mann &amp; Frau. Das Kosmetikstudio im Berner Oberland.\" width=\"240\" height=\"118\" srcset=\"https:\/\/hair-and-beauty-studio.ch\/wp-content\/uploads\/2013\/04\/zweischoen-gross-300x147.jpg 300w, https:\/\/hair-and-beauty-studio.ch\/wp-content\/uploads\/2013\/04\/zweischoen-gross.jpg 653w\" sizes=\"(max-width: 240px) 100vw, 240px\" \/><\/a><\/p>\n<p>&nbsp;<\/p>\n<p><strong>Gerne platzieren wir auch Ihren Link auf dieser Seite. Dieser muss jedoch in irgend einer Form einen Bezug zu unserer Webseite haben. Ebenfalls wird erwartet, dass Sie auch einen Backlink auf unsere Webseite setzen.<\/strong><\/p>\n","protected":false},"excerpt":{"rendered":"<p>&nbsp; &nbsp; Gerne platzieren wir auch Ihren Link auf dieser Seite. Dieser muss jedoch in irgend einer Form einen Bezug zu unserer Webseite haben. Ebenfalls wird erwartet, dass Sie auch einen Backlink auf unsere Webseite setzen.<\/p>\n","protected":false},"author":1,"featured_media":0,"parent":16661,"menu_order":0,"comment_status":"closed","ping_status":"open","template":"","meta":{"_seopress_robots_primary_cat":"","_seopress_titles_title":"","_seopress_titles_desc":"","_seopress_robots_index":"","_lmt_disableupdate":"","_lmt_disable":"","site-sidebar-layout":"default","site-content-layout":"","ast-site-content-layout":"default","site-content-style":"default","site-sidebar-style":"default","ast-global-header-display":"","ast-banner-title-visibility":"","ast-main-header-display":"","ast-hfb-above-header-display":"","ast-hfb-below-header-display":"","ast-hfb-mobile-header-display":"","site-post-title":"","ast-breadcrumbs-content":"","ast-featured-img":"","footer-sml-layout":"","ast-disable-related-posts":"","theme-transparent-header-meta":"","adv-header-id-meta":"","stick-header-meta":"","header-above-stick-meta":"","header-main-stick-meta":"","header-below-stick-meta":"","astra-migrate-meta-layouts":"default","ast-page-background-enabled":"default","ast-page-background-meta":{"desktop":{"background-color":"","background-image":"","background-repeat":"repeat","background-position":"center center","background-size":"auto","background-attachment":"scroll","background-type":"","background-media":"","overlay-type":"","overlay-color":"","overlay-opacity":"","overlay-gradient":""},"tablet":{"background-color":"","background-image":"","background-repeat":"repeat","background-position":"center center","background-size":"auto","background-attachment":"scroll","background-type":"","background-media":"","overlay-type":"","overlay-color":"","overlay-opacity":"","overlay-gradient":""},"mobile":{"background-color":"","background-image":"","background-repeat":"repeat","background-position":"center center","background-size":"auto","background-attachment":"scroll","background-type":"","background-media":"","overlay-type":"","overlay-color":"","overlay-opacity":"","overlay-gradient":""}},"ast-content-background-meta":{"desktop":{"background-color":"var(--ast-global-color-5)","background-image":"","background-repeat":"repeat","background-position":"center center","background-size":"auto","background-attachment":"scroll","background-type":"","background-media":"","overlay-type":"","overlay-color":"","overlay-opacity":"","overlay-gradient":""},"tablet":{"background-color":"var(--ast-global-color-5)","background-image":"","background-repeat":"repeat","background-position":"center center","background-size":"auto","background-attachment":"scroll","background-type":"","background-media":"","overlay-type":"","overlay-color":"","overlay-opacity":"","overlay-gradient":""},"mobile":{"background-color":"var(--ast-global-color-5)","background-image":"","background-repeat":"repeat","background-position":"center center","background-size":"auto","background-attachment":"scroll","background-type":"","background-media":"","overlay-type":"","overlay-color":"","overlay-opacity":"","overlay-gradient":""}},"footnotes":""},"class_list":["post-16649","page","type-page","status-publish","hentry"],"_links":{"self":[{"href":"https:\/\/hair-and-beauty-studio.ch\/fr\/wp-json\/wp\/v2\/pages\/16649","targetHints":{"allow":["GET"]}}],"collection":[{"href":"https:\/\/hair-and-beauty-studio.ch\/fr\/wp-json\/wp\/v2\/pages"}],"about":[{"href":"https:\/\/hair-and-beauty-studio.ch\/fr\/wp-json\/wp\/v2\/types\/page"}],"author":[{"embeddable":true,"href":"https:\/\/hair-and-beauty-studio.ch\/fr\/wp-json\/wp\/v2\/users\/1"}],"replies":[{"embeddable":true,"href":"https:\/\/hair-and-beauty-studio.ch\/fr\/wp-json\/wp\/v2\/comments?post=16649"}],"version-history":[{"count":0,"href":"https:\/\/hair-and-beauty-studio.ch\/fr\/wp-json\/wp\/v2\/pages\/16649\/revisions"}],"up":[{"embeddable":true,"href":"https:\/\/hair-and-beauty-studio.ch\/fr\/wp-json\/wp\/v2\/pages\/16661"}],"wp:attachment":[{"href":"https:\/\/hair-and-beauty-studio.ch\/fr\/wp-json\/wp\/v2\/media?parent=16649"}],"curies":[{"name":"wp","href":"https:\/\/api.w.org\/{rel}","templated":true}]}}

<p><a href="http://www.funke-foto.ch"><img decoding="async" class="alignnone size-full wp-image-20310" title="Fotograf Christian Funke Photography" src="https://hair-and-beauty-studio.ch/wp-content/uploads/2013/04/Christian-Funke-Logo-schwarz.jpg" alt="Fotograf Christian Funke Photography" width="118" height="123" /></a></p>
<p>&nbsp;</p>
<p><a href="http://www.zweischoen.ch/"><img decoding="async" class=" wp-image-16650 alignnone" title="zweischön - Schönheit &amp; Pflege für Körper &amp; Gesicht und Mann &amp; Frau. Das Kosmetikstudio im Berner Oberland." src="https://hair-and-beauty-studio.ch/wp-content/uploads/2013/04/zweischoen-gross-300x147.jpg" alt="zweischön - Schönheit &amp; Pflege für Körper &amp; Gesicht und Mann &amp; Frau. Das Kosmetikstudio im Berner Oberland." width="240" height="118" srcset="https://hair-and-beauty-studio.ch/wp-content/uploads/2013/04/zweischoen-gross-300x147.jpg 300w, https://hair-and-beauty-studio.ch/wp-content/uploads/2013/04/zweischoen-gross.jpg 653w" sizes="(max-width: 240px) 100vw, 240px" /></a></p>
<p>&nbsp;</p>
<p><strong>Gerne platzieren wir auch Ihren Link auf dieser Seite. Dieser muss jedoch in irgend einer Form einen Bezug zu unserer Webseite haben. Ebenfalls wird erwartet, dass Sie auch einen Backlink auf unsere Webseite setzen.</strong></p>
